{"id":404,"date":"2023-08-26T01:25:18","date_gmt":"2023-08-26T01:25:18","guid":{"rendered":"https:\/\/maudemaheuxphotographe.com\/?page_id=404"},"modified":"2025-08-16T03:08:07","modified_gmt":"2025-08-16T03:08:07","slug":"qui-suis-je","status":"publish","type":"page","link":"https:\/\/maudemaheuxphotographe.com\/?page_id=404","title":{"rendered":"\u00c0 propos de moi"},"content":{"rendered":"\t\t<div data-elementor-type=\"wp-page\" data-elementor-id=\"404\" class=\"elementor elementor-404\" data-elementor-post-type=\"page\">\n\t\t\t\t\t\t<section class=\"elementor-section elementor-top-section elementor-element elementor-element-263253a elementor-section-boxed elementor-section-height-default elementor-section-height-default\" data-id=\"263253a\" data-element_type=\"section\" data-e-type=\"section\">\n\t\t\t\t\t\t<div class=\"elementor-container elementor-column-gap-default\">\n\t\t\t\t\t<div class=\"elementor-column elementor-col-100 elementor-top-column elementor-element elementor-element-5b3273e\" data-id=\"5b3273e\" data-element_type=\"column\" data-e-type=\"column\">\n\t\t\t<div class=\"elementor-widget-wrap elementor-element-populated\">\n\t\t\t\t\t\t<div class=\"elementor-element elementor-element-ec87266 elementor-widget elementor-widget-text-editor\" data-id=\"ec87266\" data-element_type=\"widget\" data-e-type=\"widget\" data-widget_type=\"text-editor.default\">\n\t\t\t\t<div class=\"elementor-widget-container\">\n\t\t\t\t\t\t\t\t\t<p>Originaire de Qu\u00e9bec et ayant grandi \u00e0 Frontenac, pr\u00e8s de Lac-M\u00e9gantic, je nourris ma passion pour la photographie depuis mon enfance. Mon parcours a d\u00e9but\u00e9 \u00e0 l\u2019\u00e2ge de 12 ans avec mon premier appareil, un petit Canon EOS Rebel T5, et s\u2019est concr\u00e9tis\u00e9 par un dipl\u00f4me d&rsquo;\u00e9tudes professionnelles en photographie obtenu en 2022 au Centre de formation professionnelle Maurice-Barbeau.<\/p><p>\u00a0<\/p><p>Aujourd\u2019hui, je mets mon exp\u00e9rience et ma cr\u00e9ativit\u00e9 au service de mes clients, afin de capturer avec authenticit\u00e9 et sensibilit\u00e9 les moments qui leur tiennent \u00e0 c\u0153ur.<\/p>\t\t\t\t\t\t\t\t<\/div>\n\t\t\t\t<\/div>\n\t\t\t\t<div class=\"elementor-element elementor-element-81c2672 elementor-widget elementor-widget-image\" data-id=\"81c2672\" data-element_type=\"widget\" data-e-type=\"widget\" data-widget_type=\"image.default\">\n\t\t\t\t<div class=\"elementor-widget-container\">\n\t\t\t\t\t\t\t\t\t\t\t\t\t\t\t<img fetchpriority=\"high\" decoding=\"async\" width=\"819\" height=\"1024\" src=\"https:\/\/maudemaheuxphotographe.com\/wp-content\/uploads\/2024\/03\/maude-819x1024.jpg\" class=\"attachment-large size-large wp-image-537\" alt=\"\" srcset=\"https:\/\/maudemaheuxphotographe.com\/wp-content\/uploads\/2024\/03\/maude-819x1024.jpg 819w, https:\/\/maudemaheuxphotographe.com\/wp-content\/uploads\/2024\/03\/maude-240x300.jpg 240w, https:\/\/maudemaheuxphotographe.com\/wp-content\/uploads\/2024\/03\/maude-768x960.jpg 768w, https:\/\/maudemaheuxphotographe.com\/wp-content\/uploads\/2024\/03\/maude-1229x1536.jpg 1229w, https:\/\/maudemaheuxphotographe.com\/wp-content\/uploads\/2024\/03\/maude-1639x2048.jpg 1639w, https:\/\/maudemaheuxphotographe.com\/wp-content\/uploads\/2024\/03\/maude-1400x1750.jpg 1400w, https:\/\/maudemaheuxphotographe.com\/wp-content\/uploads\/2024\/03\/maude-800x1000.jpg 800w, https:\/\/maudemaheuxphotographe.com\/wp-content\/uploads\/2024\/03\/maude-scaled.jpg 2048w\" sizes=\"(max-width: 819px) 100vw, 819px\" \/>\t\t\t\t\t\t\t\t\t\t\t\t\t\t\t<\/div>\n\t\t\t\t<\/div>\n\t\t\t\t\t<\/div>\n\t\t<\/div>\n\t\t\t\t\t<\/div>\n\t\t<\/section>\n\t\t\t\t<section class=\"elementor-section elementor-top-section elementor-element elementor-element-8e45f91 elementor-section-boxed elementor-section-height-default elementor-section-height-default\" data-id=\"8e45f91\" data-element_type=\"section\" data-e-type=\"section\">\n\t\t\t\t\t\t<div class=\"elementor-container elementor-column-gap-default\">\n\t\t\t\t\t<div class=\"elementor-column elementor-col-100 elementor-top-column elementor-element elementor-element-29edd05\" data-id=\"29edd05\" data-element_type=\"column\" data-e-type=\"column\">\n\t\t\t<div class=\"elementor-widget-wrap elementor-element-populated\">\n\t\t\t\t\t\t<div class=\"elementor-element elementor-element-e222312 elementor-widget elementor-widget-image\" data-id=\"e222312\" data-element_type=\"widget\" data-e-type=\"widget\" data-widget_type=\"image.default\">\n\t\t\t\t<div class=\"elementor-widget-container\">\n\t\t\t\t\t\t\t\t\t\t\t\t\t\t\t<img decoding=\"async\" width=\"300\" height=\"300\" src=\"https:\/\/maudemaheuxphotographe.com\/wp-content\/uploads\/2025\/02\/horizontale_noir-300x300.png\" class=\"attachment-medium size-medium wp-image-613\" alt=\"\" srcset=\"https:\/\/maudemaheuxphotographe.com\/wp-content\/uploads\/2025\/02\/horizontale_noir-300x300.png 300w, https:\/\/maudemaheuxphotographe.com\/wp-content\/uploads\/2025\/02\/horizontale_noir-1024x1024.png 1024w, https:\/\/maudemaheuxphotographe.com\/wp-content\/uploads\/2025\/02\/horizontale_noir-150x150.png 150w, https:\/\/maudemaheuxphotographe.com\/wp-content\/uploads\/2025\/02\/horizontale_noir-768x768.png 768w, https:\/\/maudemaheuxphotographe.com\/wp-content\/uploads\/2025\/02\/horizontale_noir-1536x1536.png 1536w, https:\/\/maudemaheuxphotographe.com\/wp-content\/uploads\/2025\/02\/horizontale_noir-2048x2048.png 2048w, https:\/\/maudemaheuxphotographe.com\/wp-content\/uploads\/2025\/02\/horizontale_noir-770x770.png 770w, https:\/\/maudemaheuxphotographe.com\/wp-content\/uploads\/2025\/02\/horizontale_noir-160x160.png 160w, https:\/\/maudemaheuxphotographe.com\/wp-content\/uploads\/2025\/02\/horizontale_noir-1400x1400.png 1400w, https:\/\/maudemaheuxphotographe.com\/wp-content\/uploads\/2025\/02\/horizontale_noir-800x800.png 800w\" sizes=\"(max-width: 300px) 100vw, 300px\" \/>\t\t\t\t\t\t\t\t\t\t\t\t\t\t\t<\/div>\n\t\t\t\t<\/div>\n\t\t\t\t\t<\/div>\n\t\t<\/div>\n\t\t\t\t\t<\/div>\n\t\t<\/section>\n\t\t\t\t<section class=\"elementor-section elementor-top-section elementor-element elementor-element-6d5439a elementor-section-boxed elementor-section-height-default elementor-section-height-default\" data-id=\"6d5439a\" data-element_type=\"section\" data-e-type=\"section\">\n\t\t\t\t\t\t<div class=\"elementor-container elementor-column-gap-default\">\n\t\t\t\t\t<div class=\"elementor-column elementor-col-100 elementor-top-column elementor-element elementor-element-f1a51a2\" data-id=\"f1a51a2\" data-element_type=\"column\" data-e-type=\"column\">\n\t\t\t<div class=\"elementor-widget-wrap\">\n\t\t\t\t\t\t\t<\/div>\n\t\t<\/div>\n\t\t\t\t\t<\/div>\n\t\t<\/section>\n\t\t\t\t<section class=\"elementor-section elementor-top-section elementor-element elementor-element-dfec674 elementor-section-boxed elementor-section-height-default elementor-section-height-default\" data-id=\"dfec674\" data-element_type=\"section\" data-e-type=\"section\">\n\t\t\t\t\t\t<div class=\"elementor-container elementor-column-gap-default\">\n\t\t\t\t\t<div class=\"elementor-column elementor-col-100 elementor-top-column elementor-element elementor-element-3359d44\" data-id=\"3359d44\" data-element_type=\"column\" data-e-type=\"column\">\n\t\t\t<div class=\"elementor-widget-wrap\">\n\t\t\t\t\t\t\t<\/div>\n\t\t<\/div>\n\t\t\t\t\t<\/div>\n\t\t<\/section>\n\t\t\t\t<\/div>\n\t\t","protected":false},"excerpt":{"rendered":"<p>Originaire de Qu\u00e9bec et ayant grandi \u00e0 Frontenac, pr\u00e8s de Lac-M\u00e9gantic, je nourris ma passion pour la photographie depuis mon enfance. Mon parcours a d\u00e9but\u00e9 \u00e0 l\u2019\u00e2ge de 12 ans avec mon premier appareil, un petit Canon EOS Rebel T5, et s\u2019est concr\u00e9tis\u00e9 par un dipl\u00f4me d&rsquo;\u00e9tudes professionnelles en photographie obtenu en 2022 au Centre de formation professionnelle Maurice-Barbeau. \u00a0 Aujourd\u2019hui, je mets mon exp\u00e9rience et ma cr\u00e9ativit\u00e9 au service de mes clients, afin de capturer avec authenticit\u00e9 et sensibilit\u00e9 [&hellip;]<\/p>\n","protected":false},"author":1,"featured_media":0,"parent":0,"menu_order":0,"comment_status":"closed","ping_status":"closed","template":"","meta":{"footnotes":""},"class_list":["post-404","page","type-page","status-publish","hentry"],"_links":{"self":[{"href":"https:\/\/maudemaheuxphotographe.com\/index.php?rest_route=\/wp\/v2\/pages\/404","targetHints":{"allow":["GET"]}}],"collection":[{"href":"https:\/\/maudemaheuxphotographe.com\/index.php?rest_route=\/wp\/v2\/pages"}],"about":[{"href":"https:\/\/maudemaheuxphotographe.com\/index.php?rest_route=\/wp\/v2\/types\/page"}],"author":[{"embeddable":true,"href":"https:\/\/maudemaheuxphotographe.com\/index.php?rest_route=\/wp\/v2\/users\/1"}],"replies":[{"embeddable":true,"href":"https:\/\/maudemaheuxphotographe.com\/index.php?rest_route=%2Fwp%2Fv2%2Fcomments&post=404"}],"version-history":[{"count":33,"href":"https:\/\/maudemaheuxphotographe.com\/index.php?rest_route=\/wp\/v2\/pages\/404\/revisions"}],"predecessor-version":[{"id":683,"href":"https:\/\/maudemaheuxphotographe.com\/index.php?rest_route=\/wp\/v2\/pages\/404\/revisions\/683"}],"wp:attachment":[{"href":"https:\/\/maudemaheuxphotographe.com\/index.php?rest_route=%2Fwp%2Fv2%2Fmedia&parent=404"}],"curies":[{"name":"wp","href":"https:\/\/api.w.org\/{rel}","templated":true}]}}

À propos de moi

<div data-elementor-type="wp-page" data-elementor-id="404" class="elementor elementor-404" data-elementor-post-type="page">
						<section class="elementor-section elementor-top-section elementor-element elementor-element-263253a elementor-section-boxed elementor-section-height-default elementor-section-height-default" data-id="263253a" data-element_type="section" data-e-type="section">
						<div class="elementor-container elementor-column-gap-default">
					<div class="elementor-column elementor-col-100 elementor-top-column elementor-element elementor-element-5b3273e" data-id="5b3273e" data-element_type="column" data-e-type="column">
			<div class="elementor-widget-wrap elementor-element-populated">
						<div class="elementor-element elementor-element-ec87266 elementor-widget elementor-widget-text-editor" data-id="ec87266" data-element_type="widget" data-e-type="widget" data-widget_type="text-editor.default">
				<div class="elementor-widget-container">
									<p>Originaire de Québec et ayant grandi à Frontenac, près de Lac-Mégantic, je nourris ma passion pour la photographie depuis mon enfance. Mon parcours a débuté à l’âge de 12 ans avec mon premier appareil, un petit Canon EOS Rebel T5, et s’est concrétisé par un diplôme d&rsquo;études professionnelles en photographie obtenu en 2022 au Centre de formation professionnelle Maurice-Barbeau.</p><p> </p><p>Aujourd’hui, je mets mon expérience et ma créativité au service de mes clients, afin de capturer avec authenticité et sensibilité les moments qui leur tiennent à cœur.</p>								</div>
				</div>
				<div class="elementor-element elementor-element-81c2672 elementor-widget elementor-widget-image" data-id="81c2672" data-element_type="widget" data-e-type="widget" data-widget_type="image.default">
				<div class="elementor-widget-container">
															<img fetchpriority="high" decoding="async" width="819" height="1024" src="https://maudemaheuxphotographe.com/wp-content/uploads/2024/03/maude-819x1024.jpg" class="attachment-large size-large wp-image-537" alt="" srcset="https://maudemaheuxphotographe.com/wp-content/uploads/2024/03/maude-819x1024.jpg 819w, https://maudemaheuxphotographe.com/wp-content/uploads/2024/03/maude-240x300.jpg 240w, https://maudemaheuxphotographe.com/wp-content/uploads/2024/03/maude-768x960.jpg 768w, https://maudemaheuxphotographe.com/wp-content/uploads/2024/03/maude-1229x1536.jpg 1229w, https://maudemaheuxphotographe.com/wp-content/uploads/2024/03/maude-1639x2048.jpg 1639w, https://maudemaheuxphotographe.com/wp-content/uploads/2024/03/maude-1400x1750.jpg 1400w, https://maudemaheuxphotographe.com/wp-content/uploads/2024/03/maude-800x1000.jpg 800w, https://maudemaheuxphotographe.com/wp-content/uploads/2024/03/maude-scaled.jpg 2048w" sizes="(max-width: 819px) 100vw, 819px" />															</div>
				</div>
					</div>
		</div>
					</div>
		</section>
				<section class="elementor-section elementor-top-section elementor-element elementor-element-8e45f91 elementor-section-boxed elementor-section-height-default elementor-section-height-default" data-id="8e45f91" data-element_type="section" data-e-type="section">
						<div class="elementor-container elementor-column-gap-default">
					<div class="elementor-column elementor-col-100 elementor-top-column elementor-element elementor-element-29edd05" data-id="29edd05" data-element_type="column" data-e-type="column">
			<div class="elementor-widget-wrap elementor-element-populated">
						<div class="elementor-element elementor-element-e222312 elementor-widget elementor-widget-image" data-id="e222312" data-element_type="widget" data-e-type="widget" data-widget_type="image.default">
				<div class="elementor-widget-container">
															<img decoding="async" width="300" height="300" src="https://maudemaheuxphotographe.com/wp-content/uploads/2025/02/horizontale_noir-300x300.png" class="attachment-medium size-medium wp-image-613" alt="" srcset="https://maudemaheuxphotographe.com/wp-content/uploads/2025/02/horizontale_noir-300x300.png 300w, https://maudemaheuxphotographe.com/wp-content/uploads/2025/02/horizontale_noir-1024x1024.png 1024w, https://maudemaheuxphotographe.com/wp-content/uploads/2025/02/horizontale_noir-150x150.png 150w, https://maudemaheuxphotographe.com/wp-content/uploads/2025/02/horizontale_noir-768x768.png 768w, https://maudemaheuxphotographe.com/wp-content/uploads/2025/02/horizontale_noir-1536x1536.png 1536w, https://maudemaheuxphotographe.com/wp-content/uploads/2025/02/horizontale_noir-2048x2048.png 2048w, https://maudemaheuxphotographe.com/wp-content/uploads/2025/02/horizontale_noir-770x770.png 770w, https://maudemaheuxphotographe.com/wp-content/uploads/2025/02/horizontale_noir-160x160.png 160w, https://maudemaheuxphotographe.com/wp-content/uploads/2025/02/horizontale_noir-1400x1400.png 1400w, https://maudemaheuxphotographe.com/wp-content/uploads/2025/02/horizontale_noir-800x800.png 800w" sizes="(max-width: 300px) 100vw, 300px" />															</div>
				</div>
					</div>
		</div>
					</div>
		</section>
				<section class="elementor-section elementor-top-section elementor-element elementor-element-6d5439a elementor-section-boxed elementor-section-height-default elementor-section-height-default" data-id="6d5439a" data-element_type="section" data-e-type="section">
						<div class="elementor-container elementor-column-gap-default">
					<div class="elementor-column elementor-col-100 elementor-top-column elementor-element elementor-element-f1a51a2" data-id="f1a51a2" data-element_type="column" data-e-type="column">
			<div class="elementor-widget-wrap">
							</div>
		</div>
					</div>
		</section>
				<section class="elementor-section elementor-top-section elementor-element elementor-element-dfec674 elementor-section-boxed elementor-section-height-default elementor-section-height-default" data-id="dfec674" data-element_type="section" data-e-type="section">
						<div class="elementor-container elementor-column-gap-default">
					<div class="elementor-column elementor-col-100 elementor-top-column elementor-element elementor-element-3359d44" data-id="3359d44" data-element_type="column" data-e-type="column">
			<div class="elementor-widget-wrap">
							</div>
		</div>
					</div>
		</section>
				</div>

<p>Originaire de Québec et ayant grandi à Frontenac, près de Lac-Mégantic, je nourris ma passion pour la photographie depuis mon enfance. Mon parcours a débuté à l’âge de 12 ans avec mon premier appareil, un petit Canon EOS Rebel T5, et s’est concrétisé par un diplôme d&rsquo;études professionnelles en photographie obtenu en 2022 au Centre de formation professionnelle Maurice-Barbeau.   Aujourd’hui, je mets mon expérience et ma créativité au service de mes clients, afin de capturer avec authenticité et sensibilité [&hellip;]</p>
